{"id":1435,"date":"2023-02-07T12:35:17","date_gmt":"2023-02-07T11:35:17","guid":{"rendered":"https:\/\/gentle-tour.com\/?page_id=1435"},"modified":"2024-09-18T13:21:08","modified_gmt":"2024-09-18T11:21:08","slug":"trips","status":"publish","type":"page","link":"https:\/\/dreammoroccotravel.com\/index.php\/trips\/","title":{"rendered":"Trips"},"content":{"rendered":"\t\t<div data-elementor-type=\"wp-page\" data-elementor-id=\"1435\" class=\"elementor elementor-1435\">\n\t\t\t\t\t\t\t\t\t<section class=\"elementor-section elementor-top-section elementor-element elementor-element-8ff5137 elementor-section-boxed elementor-section-height-default elementor-section-height-default row-top\" data-id=\"8ff5137\" data-element_type=\"section\">\n\t\t\t\t\t\t<div class=\"elementor-container elementor-column-gap-default\">\n\t\t\t\t\t<div class=\"elementor-column elementor-col-100 elementor-top-column elementor-element elementor-element-57dd937\" data-id=\"57dd937\" data-element_type=\"column\">\n\t\t\t<div class=\"elementor-widget-wrap elementor-element-populated\">\n\t\t\t\t\t\t\t\t<div class=\"elementor-element elementor-element-a40568e animated-fast elementor-invisible elementor-widget elementor-widget-gva_ba_booking\" data-id=\"a40568e\" data-element_type=\"widget\" data-settings=\"{&quot;_animation&quot;:&quot;fadeIn&quot;}\" data-widget_type=\"gva_ba_booking.default\">\n\t\t\t\t<div class=\"elementor-widget-container\">\n\t\t\t<div class=\"gva-element-gva_ba_booking gva-element\">  \r\n  \t<div class=\"gva-booking-grid clearfix gva-booking-allitems\">\r\n\t\t<div class=\"gva-content-items\"> \r\n\t\t\t<div class=\"lg-block-grid-3 md-block-grid-3 sm-block-grid-2 xs-block-grid-1 xx-block-grid-1\">\r\n\t\t\t\t\t\t\t<\/div>\r\n         <div class=\"babe_pager\"><\/div>\t\t<\/div>\r\n  \t<\/div>\r\n  <\/div>\t\t<\/div>\n\t\t\t\t<\/div>\n\t\t\t\t\t<\/div>\n\t\t<\/div>\n\t\t\t\t\t\t\t<\/div>\n\t\t<\/section>\n\t\t\t\t<section class=\"elementor-section elementor-top-section elementor-element elementor-element-467d549 elementor-section-boxed elementor-section-height-default elementor-section-height-default row-top\" data-id=\"467d549\" data-element_type=\"section\" data-settings=\"{&quot;background_background&quot;:&quot;classic&quot;}\">\n\t\t\t\t\t\t<div class=\"elementor-container elementor-column-gap-default\">\n\t\t\t\t\t<div class=\"elementor-column elementor-col-50 elementor-top-column elementor-element elementor-element-9d15a0f\" data-id=\"9d15a0f\" data-element_type=\"column\">\n\t\t\t<div class=\"elementor-widget-wrap elementor-element-populated\">\n\t\t\t\t\t\t\t\t<div class=\"elementor-element elementor-element-db64300 elementor-widget elementor-widget-gva-heading-block\" data-id=\"db64300\" data-element_type=\"widget\" data-widget_type=\"gva-heading-block.default\">\n\t\t\t\t<div class=\"elementor-widget-container\">\n\t\t\t<div class=\"gva-element-gva-heading-block gva-element\">   <div class=\"align-left style-5 widget gsc-heading box-align-center auto-responsive\">\r\n      <div class=\"content-inner\">\r\n         \r\n                  \r\n           \r\n         \r\n                     <h2 class=\"title\">\r\n               <span>Service de Transport et Transfert de Qualit\u00e9<\/span>\r\n            <\/h2>\r\n                              <div class=\"title-desc\">Chez <span style=\"font-weight: 700;font-family: Abel, sans-serif;font-size: 20px;letter-spacing: -0.2px;text-align: center\">DREAM MOROCCO TRAVEL<\/span>, nous mettons \u00e0 votre disposition une gamme compl\u00e8te de services de transport et de transfert de qualit\u00e9 sup\u00e9rieure pour r\u00e9pondre \u00e0 tous vos besoins de d\u00e9placement au Maroc. Notre engagement envers votre confort et votre s\u00e9curit\u00e9 est au c\u0153ur de tout ce que nous faisons. Faites confiance \u00e0 notre \u00e9quipe d'experts locaux pour vous offrir une exp\u00e9rience de voyage sans souci, que ce soit pour vos transferts depuis l'a\u00e9roport, vos excursions passionnantes, ou pour explorer les merveilles du Maroc. D\u00e9couvrez la diff\u00e9rence avec Louriga Transport.<\/div>\r\n         \r\n         \r\n      <\/div>\r\n   <\/div>\r\n<\/div>\t\t<\/div>\n\t\t\t\t<\/div>\n\t\t\t\t<div class=\"elementor-element elementor-element-1772e69 elementor-widget elementor-widget-gva-heading-block\" data-id=\"1772e69\" data-element_type=\"widget\" data-widget_type=\"gva-heading-block.default\">\n\t\t\t\t<div class=\"elementor-widget-container\">\n\t\t\t<div class=\"gva-element-gva-heading-block gva-element\">   <div class=\"align-left style-5 widget gsc-heading box-align-center auto-responsive\">\r\n      <div class=\"content-inner\">\r\n         \r\n                  \r\n           \r\n         \r\n                     <h2 class=\"title\">\r\n               <span>Transfert A\u00e9roport Marrakech<\/span>\r\n            <\/h2>\r\n                              <div class=\"title-desc\">Marrakech M\u00e9nara Airport est le deuxi\u00e8me a\u00e9roport le plus fr\u00e9quent\u00e9 du Maroc apr\u00e8s Casablanca Mohammed V Airport. L\u2019a\u00e9roport moderne est, selon beaucoup, l\u2019un des plus beaux a\u00e9roports d\u2019Afrique. Marrakech est une destination de city break typique et tr\u00e8s appr\u00e9ci\u00e9e des touristes europ\u00e9ens. La majorit\u00e9 des vols \u00e0 Marrakech M\u00e9nara Airport sont op\u00e9r\u00e9s par Ryanair, easyJet, Royal Air Maroc et TUI.<\/div>\r\n         \r\n         \r\n      <\/div>\r\n   <\/div>\r\n<\/div>\t\t<\/div>\n\t\t\t\t<\/div>\n\t\t\t\t<div class=\"elementor-element elementor-element-71d300c elementor-widget elementor-widget-gva-heading-block\" data-id=\"71d300c\" data-element_type=\"widget\" data-widget_type=\"gva-heading-block.default\">\n\t\t\t\t<div class=\"elementor-widget-container\">\n\t\t\t<div class=\"gva-element-gva-heading-block gva-element\">   <div class=\"align-left style-5 widget gsc-heading box-align-center auto-responsive\">\r\n      <div class=\"content-inner\">\r\n         \r\n                  \r\n           \r\n         \r\n                     <h2 class=\"title\">\r\n               <span>\nTransfert Marrakech<\/span>\r\n            <\/h2>\r\n                              <div class=\"title-desc\">Marrakech est une ville tr\u00e8s populaire aupr\u00e8s des touristes, en raison de son riche patrimoine culturel, de son architecture historique, de sa cuisine savoureuse, de ses march\u00e9s anim\u00e9s et de ses paysages naturels \u00e0 couper le souffle. Voici quelques-uns des sites touristiques les plus populaires de Marrakech : \u2026<\/div>\r\n         \r\n         \r\n      <\/div>\r\n   <\/div>\r\n<\/div>\t\t<\/div>\n\t\t\t\t<\/div>\n\t\t\t\t<div class=\"elementor-element elementor-element-3351e9f elementor-widget elementor-widget-button\" data-id=\"3351e9f\" data-element_type=\"widget\" data-widget_type=\"button.default\">\n\t\t\t\t<div class=\"elementor-widget-container\">\n\t\t\t\t\t<div class=\"elementor-button-wrapper\">\n\t\t\t<a href=\"https:\/\/wa.me\/212%20687859020\" class=\"elementor-button-link elementor-button elementor-size-sm\" role=\"button\">\n\t\t\t\t\t\t<span class=\"elementor-button-content-wrapper\">\n\t\t\t\t\t\t\t<span class=\"elementor-button-icon elementor-align-icon-right\">\n\t\t\t\t<i aria-hidden=\"true\" class=\" flaticon-chat\"><\/i>\t\t\t<\/span>\n\t\t\t\t\t\t<span class=\"elementor-button-text\">Pour Plus d'informations contactez nous <\/span>\n\t\t<\/span>\n\t\t\t\t\t<\/a>\n\t\t<\/div>\n\t\t\t\t<\/div>\n\t\t\t\t<\/div>\n\t\t\t\t\t<\/div>\n\t\t<\/div>\n\t\t\t\t<div class=\"elementor-column elementor-col-50 elementor-top-column elementor-element elementor-element-2b079c8\" data-id=\"2b079c8\" data-element_type=\"column\">\n\t\t\t<div class=\"elementor-widget-wrap elementor-element-populated\">\n\t\t\t\t\t\t\t\t<div class=\"elementor-element elementor-element-1a33490 elementor-widget elementor-widget-image\" data-id=\"1a33490\" data-element_type=\"widget\" data-widget_type=\"image.default\">\n\t\t\t\t<div class=\"elementor-widget-container\">\n\t\t\t<style>\/*! elementor - v3.10.2 - 29-01-2023 *\/\n.elementor-widget-image{text-align:center}.elementor-widget-image a{display:inline-block}.elementor-widget-image a img[src$=\".svg\"]{width:48px}.elementor-widget-image img{vertical-align:middle;display:inline-block}<\/style>\t\t\t\t\t\t\t\t\t\t\t\t<img loading=\"lazy\" decoding=\"async\" width=\"900\" height=\"675\" src=\"https:\/\/dreammoroccotravel.com\/wp-content\/uploads\/2023\/10\/421660-logo-1024x768.jpeg\" class=\"attachment-large size-large wp-image-2163\" alt=\"\" srcset=\"https:\/\/dreammoroccotravel.com\/wp-content\/uploads\/2023\/10\/421660-logo-1024x768.jpeg 1024w, https:\/\/dreammoroccotravel.com\/wp-content\/uploads\/2023\/10\/421660-logo-768x576.jpeg 768w, https:\/\/dreammoroccotravel.com\/wp-content\/uploads\/2023\/10\/421660-logo.jpeg 2048w\" sizes=\"auto, (max-width: 900px) 100vw, 900px\" \/>\t\t\t\t\t\t\t\t\t\t\t\t\t\t\t<\/div>\n\t\t\t\t<\/div>\n\t\t\t\t<div class=\"elementor-element elementor-element-83797d8 elementor-widget elementor-widget-image\" data-id=\"83797d8\" data-element_type=\"widget\" data-widget_type=\"image.default\">\n\t\t\t\t<div class=\"elementor-widget-container\">\n\t\t\t\t\t\t\t\t\t\t\t\t\t\t\t<img loading=\"lazy\" decoding=\"async\" width=\"870\" height=\"400\" src=\"https:\/\/dreammoroccotravel.com\/wp-content\/uploads\/2023\/10\/aeroport-de-marrakech-1.jpg.webp\" class=\"attachment-large size-large wp-image-2209\" alt=\"\" srcset=\"https:\/\/dreammoroccotravel.com\/wp-content\/uploads\/2023\/10\/aeroport-de-marrakech-1.jpg.webp 870w, https:\/\/dreammoroccotravel.com\/wp-content\/uploads\/2023\/10\/aeroport-de-marrakech-1.jpg-768x353.webp 768w\" sizes=\"auto, (max-width: 870px) 100vw, 870px\" \/>\t\t\t\t\t\t\t\t\t\t\t\t\t\t\t<\/div>\n\t\t\t\t<\/div>\n\t\t\t\t<div class=\"elementor-element elementor-element-61ed6ff elementor-widget elementor-widget-image\" data-id=\"61ed6ff\" data-element_type=\"widget\" data-widget_type=\"image.default\">\n\t\t\t\t<div class=\"elementor-widget-container\">\n\t\t\t\t\t\t\t\t\t\t\t\t\t\t\t<img loading=\"lazy\" decoding=\"async\" width=\"900\" height=\"581\" src=\"https:\/\/dreammoroccotravel.com\/wp-content\/uploads\/2023\/10\/Morocco-Friendly-TravelMarrakech1-1024x661.jpeg\" class=\"attachment-large size-large wp-image-2129\" alt=\"\" srcset=\"https:\/\/dreammoroccotravel.com\/wp-content\/uploads\/2023\/10\/Morocco-Friendly-TravelMarrakech1-1024x661.jpeg 1024w, https:\/\/dreammoroccotravel.com\/wp-content\/uploads\/2023\/10\/Morocco-Friendly-TravelMarrakech1-768x495.jpeg 768w, https:\/\/dreammoroccotravel.com\/wp-content\/uploads\/2023\/10\/Morocco-Friendly-TravelMarrakech1.jpeg 1860w\" sizes=\"auto, (max-width: 900px) 100vw, 900px\" \/>\t\t\t\t\t\t\t\t\t\t\t\t\t\t\t<\/div>\n\t\t\t\t<\/div>\n\t\t\t\t\t<\/div>\n\t\t<\/div>\n\t\t\t\t\t\t\t<\/div>\n\t\t<\/section>\n\t\t\t\t\t\t\t<\/div>\n\t\t","protected":false},"excerpt":{"rendered":"<p>Service de Transport et Transfert de Qualit\u00e9 Chez DREAM MOROCCO TRAVEL, nous mettons \u00e0 votre disposition une gamme compl\u00e8te de services de transport et de transfert de qualit\u00e9 sup\u00e9rieure pour [&hellip;]<\/p>\n","protected":false},"author":1,"featured_media":0,"parent":0,"menu_order":0,"comment_status":"closed","ping_status":"closed","template":"","meta":{"footnotes":""},"class_list":["post-1435","page","type-page","status-publish","hentry"],"yoast_head":"<!-- This site is optimized with the Yoast SEO plugin v20.8 - https:\/\/yoast.com\/wordpress\/plugins\/seo\/ -->\n<title>Trips - Dream Morocco Travel<\/title>\n<meta name=\"robots\" content=\"index, follow, max-snippet:-1, max-image-preview:large, max-video-preview:-1\" \/>\n<link rel=\"canonical\" href=\"https:\/\/dreammoroccotravel.com\/index.php\/trips\/\" \/>\n<meta property=\"og:locale\" content=\"fr_FR\" \/>\n<meta property=\"og:type\" content=\"article\" \/>\n<meta property=\"og:title\" content=\"Trips - Dream Morocco Travel\" \/>\n<meta property=\"og:description\" content=\"Service de Transport et Transfert de Qualit\u00e9 Chez DREAM MOROCCO TRAVEL, nous mettons \u00e0 votre disposition une gamme compl\u00e8te de services de transport et de transfert de qualit\u00e9 sup\u00e9rieure pour [&hellip;]\" \/>\n<meta property=\"og:url\" content=\"https:\/\/dreammoroccotravel.com\/index.php\/trips\/\" \/>\n<meta property=\"og:site_name\" content=\"Dream Morocco Travel\" \/>\n<meta property=\"article:modified_time\" content=\"2024-09-18T11:21:08+00:00\" \/>\n<meta property=\"og:image\" content=\"https:\/\/dreammoroccotravel.com\/wp-content\/uploads\/2023\/10\/421660-logo-1024x768.jpeg\" \/>\n<meta name=\"twitter:card\" content=\"summary_large_image\" \/>\n<meta name=\"twitter:label1\" content=\"Dur\u00e9e de lecture estim\u00e9e\" \/>\n\t<meta name=\"twitter:data1\" content=\"2 minutes\" \/>\n<script type=\"application\/ld+json\" class=\"yoast-schema-graph\">{\"@context\":\"https:\/\/schema.org\",\"@graph\":[{\"@type\":\"WebPage\",\"@id\":\"https:\/\/dreammoroccotravel.com\/index.php\/trips\/\",\"url\":\"https:\/\/dreammoroccotravel.com\/index.php\/trips\/\",\"name\":\"Trips - Dream Morocco Travel\",\"isPartOf\":{\"@id\":\"https:\/\/dreammoroccotravel.com\/#website\"},\"datePublished\":\"2023-02-07T11:35:17+00:00\",\"dateModified\":\"2024-09-18T11:21:08+00:00\",\"breadcrumb\":{\"@id\":\"https:\/\/dreammoroccotravel.com\/index.php\/trips\/#breadcrumb\"},\"inLanguage\":\"fr-FR\",\"potentialAction\":[{\"@type\":\"ReadAction\",\"target\":[\"https:\/\/dreammoroccotravel.com\/index.php\/trips\/\"]}]},{\"@type\":\"BreadcrumbList\",\"@id\":\"https:\/\/dreammoroccotravel.com\/index.php\/trips\/#breadcrumb\",\"itemListElement\":[{\"@type\":\"ListItem\",\"position\":1,\"name\":\"Accueil\",\"item\":\"https:\/\/dreammoroccotravel.com\/\"},{\"@type\":\"ListItem\",\"position\":2,\"name\":\"Trips\"}]},{\"@type\":\"WebSite\",\"@id\":\"https:\/\/dreammoroccotravel.com\/#website\",\"url\":\"https:\/\/dreammoroccotravel.com\/\",\"name\":\"Dream Morocco Travel\",\"description\":\"Excursions-ACTIVIT\u00c9S-Transport et Transfert\",\"publisher\":{\"@id\":\"https:\/\/dreammoroccotravel.com\/#organization\"},\"potentialAction\":[{\"@type\":\"SearchAction\",\"target\":{\"@type\":\"EntryPoint\",\"urlTemplate\":\"https:\/\/dreammoroccotravel.com\/?s={search_term_string}\"},\"query-input\":\"required name=search_term_string\"}],\"inLanguage\":\"fr-FR\"},{\"@type\":\"Organization\",\"@id\":\"https:\/\/dreammoroccotravel.com\/#organization\",\"name\":\"Dream Morocco Travel\",\"url\":\"https:\/\/dreammoroccotravel.com\/\",\"logo\":{\"@type\":\"ImageObject\",\"inLanguage\":\"fr-FR\",\"@id\":\"https:\/\/dreammoroccotravel.com\/#\/schema\/logo\/image\/\",\"url\":\"https:\/\/quad-horse.com\/wp-content\/uploads\/2021\/08\/cropped-Blue-Modern-Up-Chart-Illustration-Investment-Company-Logo-1.png\",\"contentUrl\":\"https:\/\/quad-horse.com\/wp-content\/uploads\/2021\/08\/cropped-Blue-Modern-Up-Chart-Illustration-Investment-Company-Logo-1.png\",\"width\":512,\"height\":512,\"caption\":\"Dream Morocco Travel\"},\"image\":{\"@id\":\"https:\/\/dreammoroccotravel.com\/#\/schema\/logo\/image\/\"}}]}<\/script>\n<!-- \/ Yoast SEO plugin. -->","yoast_head_json":{"title":"Trips - Dream Morocco Travel","robots":{"index":"index","follow":"follow","max-snippet":"max-snippet:-1","max-image-preview":"max-image-preview:large","max-video-preview":"max-video-preview:-1"},"canonical":"https:\/\/dreammoroccotravel.com\/index.php\/trips\/","og_locale":"fr_FR","og_type":"article","og_title":"Trips - Dream Morocco Travel","og_description":"Service de Transport et Transfert de Qualit\u00e9 Chez DREAM MOROCCO TRAVEL, nous mettons \u00e0 votre disposition une gamme compl\u00e8te de services de transport et de transfert de qualit\u00e9 sup\u00e9rieure pour [&hellip;]","og_url":"https:\/\/dreammoroccotravel.com\/index.php\/trips\/","og_site_name":"Dream Morocco Travel","article_modified_time":"2024-09-18T11:21:08+00:00","og_image":[{"url":"https:\/\/dreammoroccotravel.com\/wp-content\/uploads\/2023\/10\/421660-logo-1024x768.jpeg"}],"twitter_card":"summary_large_image","twitter_misc":{"Dur\u00e9e de lecture estim\u00e9e":"2 minutes"},"schema":{"@context":"https:\/\/schema.org","@graph":[{"@type":"WebPage","@id":"https:\/\/dreammoroccotravel.com\/index.php\/trips\/","url":"https:\/\/dreammoroccotravel.com\/index.php\/trips\/","name":"Trips - Dream Morocco Travel","isPartOf":{"@id":"https:\/\/dreammoroccotravel.com\/#website"},"datePublished":"2023-02-07T11:35:17+00:00","dateModified":"2024-09-18T11:21:08+00:00","breadcrumb":{"@id":"https:\/\/dreammoroccotravel.com\/index.php\/trips\/#breadcrumb"},"inLanguage":"fr-FR","potentialAction":[{"@type":"ReadAction","target":["https:\/\/dreammoroccotravel.com\/index.php\/trips\/"]}]},{"@type":"BreadcrumbList","@id":"https:\/\/dreammoroccotravel.com\/index.php\/trips\/#breadcrumb","itemListElement":[{"@type":"ListItem","position":1,"name":"Accueil","item":"https:\/\/dreammoroccotravel.com\/"},{"@type":"ListItem","position":2,"name":"Trips"}]},{"@type":"WebSite","@id":"https:\/\/dreammoroccotravel.com\/#website","url":"https:\/\/dreammoroccotravel.com\/","name":"Dream Morocco Travel","description":"Excursions-ACTIVIT\u00c9S-Transport et Transfert","publisher":{"@id":"https:\/\/dreammoroccotravel.com\/#organization"},"potentialAction":[{"@type":"SearchAction","target":{"@type":"EntryPoint","urlTemplate":"https:\/\/dreammoroccotravel.com\/?s={search_term_string}"},"query-input":"required name=search_term_string"}],"inLanguage":"fr-FR"},{"@type":"Organization","@id":"https:\/\/dreammoroccotravel.com\/#organization","name":"Dream Morocco Travel","url":"https:\/\/dreammoroccotravel.com\/","logo":{"@type":"ImageObject","inLanguage":"fr-FR","@id":"https:\/\/dreammoroccotravel.com\/#\/schema\/logo\/image\/","url":"https:\/\/quad-horse.com\/wp-content\/uploads\/2021\/08\/cropped-Blue-Modern-Up-Chart-Illustration-Investment-Company-Logo-1.png","contentUrl":"https:\/\/quad-horse.com\/wp-content\/uploads\/2021\/08\/cropped-Blue-Modern-Up-Chart-Illustration-Investment-Company-Logo-1.png","width":512,"height":512,"caption":"Dream Morocco Travel"},"image":{"@id":"https:\/\/dreammoroccotravel.com\/#\/schema\/logo\/image\/"}}]}},"_links":{"self":[{"href":"https:\/\/dreammoroccotravel.com\/index.php\/wp-json\/wp\/v2\/pages\/1435","targetHints":{"allow":["GET"]}}],"collection":[{"href":"https:\/\/dreammoroccotravel.com\/index.php\/wp-json\/wp\/v2\/pages"}],"about":[{"href":"https:\/\/dreammoroccotravel.com\/index.php\/wp-json\/wp\/v2\/types\/page"}],"author":[{"embeddable":true,"href":"https:\/\/dreammoroccotravel.com\/index.php\/wp-json\/wp\/v2\/users\/1"}],"replies":[{"embeddable":true,"href":"https:\/\/dreammoroccotravel.com\/index.php\/wp-json\/wp\/v2\/comments?post=1435"}],"version-history":[{"count":40,"href":"https:\/\/dreammoroccotravel.com\/index.php\/wp-json\/wp\/v2\/pages\/1435\/revisions"}],"predecessor-version":[{"id":2282,"href":"https:\/\/dreammoroccotravel.com\/index.php\/wp-json\/wp\/v2\/pages\/1435\/revisions\/2282"}],"wp:attachment":[{"href":"https:\/\/dreammoroccotravel.com\/index.php\/wp-json\/wp\/v2\/media?parent=1435"}],"curies":[{"name":"wp","href":"https:\/\/api.w.org\/{rel}","templated":true}]}}